*3/6 + 7*j**2. Let b be l(-3). Calculate the highest common divisor of 5 and b.
5
Suppose 3*b - 2*b = 36. Suppose y - 8 = -b. Let t be (-58)/(-7) - (-8)/y. Calculate the highest common divisor of 16 and t.
8
Let c(p) be the third derivative of p**5/4 + p**4/24 - p**3/2 + 7*p**2. Let h be c(-2). Calculate the highest common divisor of h and 22.
11
Let q be (8/4)/(2/5). Let s be 283/q - 12/(-30). Calculate the highest common divisor of 38 and s.
19
Let o(t) = t + 4. Let d be o(4). Let v be (d/20)/((-1)/(-5)). Let q = 4 + 0. Calculate the highest common divisor of q and v.
2
Suppose 0 = 2*w - 3*u - 263, 3*u + 49 = -2*w + 330. Calculate the greatest common factor of 17 and w.
17
Suppose -5 + 9 = w. Calculate the highest common divisor of w and 4.
4
Let j(a) = -5*a - 24. Let k be j(-7). Calculate the highest common factor of 187 and k.
11
Let q(n) = 4*n - 58. Let z be q(16). What is the greatest common factor of 48 and z?
6
Suppose 5*k = 62 + 138. Calculate the greatest common factor of 24 and k.
8
Suppose -2*t - 3*n = -25, 0*t + 5*n - 5 = 4*t. Let r be (-1 - 0)/(1/(-6)). Let v = r - 4. What is the highest common divisor of t and v?
1
Suppose 6*y - 3*y = 27. Let d = y - 6. Suppose 301 + 95 = 4*t - d*w, -495 = -5*t - w. What is the greatest common divisor of t and 11?
11
Let h = 24 - 15. Let t(b) = b**2 + 2*b + 3. Let i be t(-2). Suppose i*v - 5 = -2. Calculate the highest common divisor of h and v.
1
Let d(w) = w**3 + 16*w**2 + 13*w - 18. Let z be d(-15). What is the highest common divisor of z and 3?
3
Let i = -3 - -15. Calculate the greatest common divisor of 24 and i.
12
Let x(i) = 67*i - 46*i + 2 - 8. Let y be x(5). Calculate the highest common divisor of y and 9.
9
Let h(g) = 2*g + 11. Let b be h(-5). Suppose 0 = 3*n - 19 + 7. Let m be 129/12 + b/n. What is the highest common divisor of m and 11?
11
Suppose 3*z - 72 = 5*u, -3*u + 48 = -0*z + 3*z. Calculate the highest common factor of z and 38.
19
Let a(i) = i**2 + 9*i - 1. Let t be a(-12). What is the highest common factor of 5 and t?
5
Let j = 110 - 63. Suppose -60 = -5*x + 3*r + 2*r, 4*x - 5*r - j = 0. What is the greatest common factor of 78 and x?
13
Suppose -f = -1 - 4. Suppose -w + t - 1 = -f, -2*w = t - 2. Suppose -40 = -2*g - w*g. Calculate the greatest common factor of 50 and g.
10
Suppose -2*a + 26 = 3*d, -8 = -d - 5*a + 5. Suppose 2*g + 8 = 0, -m - m - d = -g. Let w be (m/4)/((-3)/42). What is the highest common divisor of w and 7?
7
Let m(j) = -3*j. Let i be m(-8). Suppose 6*g - 48 = 5*g. Calculate the greatest common divisor of i and g.
24
Let q = 13 + -10. Suppose 0 = -2*z + q*z - 10. What is the greatest common factor of 5 and z?
5
Suppose 0 = 3*w - 15 - 3. What is the greatest common factor of 18 and w?
6
Let j be (-1438)/(-14) + 8/28. Suppose 3*x - j = -h, 4*h + 43 = 4*x - 121. Let z be (x/10)/((-2)/(-5)). What is the greatest common divisor of 45 and z?
9
Let k = 13 + -19. Let p(s) = -s**3 - 7*s**2 - 4*s + 4. Let r be p(k). Let m = 14 + r. Calculate the highest common divisor of m and 42.
6
Let f = 2 - 10. Let g = -5 - f. Calculate the highest common divisor of 21 and g.
3
Suppose 0 = 3*u - 4*u - 5*m + 22, -2*u = 5*m - 24. Suppose -374 + 22 = -u*n. Let c = -23 + 39. Calculate the highest common divisor of n and c.
16
Let q be 10 + -6 - (-1 + -1). Let r(m) = -2*m - 3. Let l be r(-6). Calculate the greatest common factor of l and q.
3
Let y be (-1 - -5)/((-4)/(-8)). Calculate the greatest common factor of y and 72.
8
Suppose 5 = i + 4. Calculate the highest common factor of i and 1.
1
Suppose 3*y + 3*w = 84, -5*y - 4*w + 205 = 65. What is the greatest common divisor of 7 and y?
7
Suppose -6 - 46 = -2*t. Calculate the greatest common divisor of t and 286.
26
Suppose 0 = -2*a - 2*r + 13 + 5, 0 = a - 3*r - 25. Calculate the highest common divisor of 65 and a.
13
Suppose -4*t + 62 = 5*p, 2*t + 5*p - 28 = 4*p. Calculate the greatest common factor of t and 13.
13
Let p be (-2 - 0 - 4)/1. Let l be (-4)/(-6) - 32/p. What is the highest common factor of l and 15?
3
Let b(l) = l**2 + 5*l + 6. Let k be b(-6). What is the greatest common factor of 15 and k?
3
Let n = -20 - -34. Calculate the highest common factor of 56 and n.
14
Let v be (2 - (2 - -1))*(-4 + -1). Calculate the highest common factor of v and 35.
5
Let v be 1*4*8/2. Let t be 3918/7 - (-4)/14. Suppose -5*k + 0*k = -t. Calculate the highest common divisor of k and v.
16
Let h be 35/11 - (-4)/(-22). Suppose 3 = h*n - 12. Suppose 0*l - 23 = -3*l - s, -n*l = 4*s - 29. What is the greatest common factor of 99 and l?
9
Suppose -7*z + 512 = -3*z - 3*p, -2*p = 8. Calculate the greatest common divisor of 25 and z.
25
Let x be (-13)/(-2) - (-2)/(-4). Suppose 2*i = x + 20. Calculate the greatest common factor of 13 and i.
13
Suppose 0 = -a - 2*a. Let s = a + 0. Suppose -3*k + 110 = 5*q - s*q, 0 = -2*k - q + 78. Calculate the greatest common divisor of 4 and k.
4
Let a be (-82)/(-8) + (-4)/16. Let l be (-12)/10*125/(-10). What is the highest common divisor of l and a?
5
Suppose 3*o = -3*t + 179 - 41, -3*o - t = -136. Let z(j) = j**3 + 5*j**2 + 2*j - 3. Let p be z(-3). What is the highest common factor of p and o?
9
Suppose -17 + 53 = 4*f. What is the highest common divisor of 1 and f?
1
Suppose -4*i + 416 = -4*t, -2*i = 3*t + 2*t - 208. Calculate the highest common divisor of 13 and i.
13
Let l(a) = 5*a - 3*a + 0*a + 11 - a. Let q be 4/(-5)*(3 + 7). Let i be l(q). Calculate the highest common factor of 6 and i.
3
Let o be 3/((-9)/6) + 1. Let j be (-17 - o)*-1*1. What is the highest common divisor of 112 and j?
16
Let n = -5 - 2. Let v(w) = -w**2 - 9*w - 9. Let p be v(n). What is the greatest common divisor of p and 20?
5
Suppose -3*j + 8 = -j. Suppose j*z = -z. Suppose -y - 2*y + 105 = z. Calculate the highest common divisor of 14 and y.
7
Suppose -767 = -2*k - 5*l, -1589 = -4*k - l + 2*l. Calculate the greatest common factor of 44 and k.
44
Let o be ((-20)/25)/((-2)/(-10)). Let d be 63*(o/(-3) + -1). What is the greatest common factor of d and 168?
21
Suppose 5*t + 4*r = 242, 4*t + 4*r - 182 = 14. Calculate the greatest common divisor of t and 69.
23
Let c be 2/6 - 15/(-9). Let t(y) = 18*y**2. Let x be t(c). Suppose 2*d = -11 + 27. What is the highest common divisor of d and x?
8
Suppose 4*d - 695 = 5*s, 2*d - 246 = -s + 119. Suppose 5*a - d = a. What is the highest common divisor of a and 15?
15
Suppose 21 - 89 = -4*m. What is the greatest common factor of 136 and m?
17
Suppose -6 = -3*x + 39. Calculate the greatest common divisor of 5 and x.
5
Let d be (-1 - -3) + (1 - 0). Suppose d*w = -0*w + 378. Calculate the greatest common divisor of 14 and w.
14
Let y be (18/3)/(2*1). Let o be (y/4)/((-2)/(-40)). Suppose -2*t - 4*h + 136 = 2*t, -5*t - 4*h = -166. What is the highest common factor of o and t?
15
Suppose v - 4*m = 112, 322 = -v + 4*v + 2*m. What is the highest common divisor of v and 12?
12
Let h(t) = 2*t**2 - 7. Let a be h(3). Let j = 205 + a. Calculate the highest common factor of j and 24.
24
Let g(n) = 3*n**2 + n. Let r be g(2). Calculate the highest common divisor of r and 2.
2
Let k = -131 - -194. Suppose 0*t + 3*t = -3*l + 18, -4*l = t - 27. What is the highest common divisor of k and l?
7
Let s(u) = 2*u**2 - 2*u - 1. Let m be s(2). Let i(y) = m*y**2 - 2*y - 3 - y**3 - y + y + y. Let w be i(-3). What is the greatest common divisor of w and 6?
6
Suppose 4*m = -u + 6, -m = 1 + 4. What is the greatest common factor of 13 and u?
13
Suppose 0 = 7*b - 2*b - 10. Let j(v) = -v**2 + 3*v + 4. Let r be j(8). Let w be (-22)/(-4) - r/(-24). What is the highest common divisor of b and w?
2
Let k be (4 - 141/6)*-6. Calculate the highest common factor of k and 26.
13
Let n = -31 + 39. What is the greatest common divisor of 4 and n?
4
Suppose -x = -2*g + 4*x + 4, -4*x + 52 = 3*g. Let i be ((-6)/4)/((-3)/6). What is the greatest common factor of i and g?
3
Suppose 170 = 5*s - 2*n, 0*s - 140 = -5*s - 4*n. What is the highest common factor of 4 and s?
4
Suppose 63 = 4*l - 5*s, 0*s - 49 = -3*l + 2*s. Let g = -211 + 228. Calculate the highest common factor of g and l.
17
Suppose 0 = -2*c - c - 3. Let z = c - -11. Let b be 5/z*38/1. What is the greatest common divisor of 209 and b?
19
Let w(o) = -2*o + 29. Let s be w(14). Calculate the high